 is divided by 973?
969
What is the remainder when 367552 is divided by 413?
395
Calculate the remainder when 8769 is divided by 77.
68
What is the remainder when 1160 is divided by 105?
5
What is the remainder when 315621 is divided by 348?
333
What is the remainder when 838681 is divided by 119811?
4
Calculate the remainder when 66446 is divided by 455.
16
What is the remainder when 86567 is divided by 43249?
69
Calculate the remainder when 11994 is divided by 324.
6
What is the remainder when 167455 is divided by 829?
826
Calculate the remainder when 28096 is divided by 14034.
28
What is the remainder when 15582 is divided by 3?
0
Calculate the remainder when 8906 is divided by 4427.
52
Calculate the remainder when 29812 is divided by 274.
220
What is the remainder when 205902 is divided by 67?
11
Calculate the remainder when 7592 is divided by 368.
232
Calculate the remainder when 179513 is divided by 187.
180
What is the remainder when 29743 is divided by 15?
13
What is the remainder when 1588349 is divided by 10?
9
What is the remainder when 91629 is divided by 92?
89
Calculate the remainder when 138862 is divided by 138.
34
Calculate the remainder when 203807 is divided by 1941.
2
Calculate the remainder when 475021 is divided by 29.
1
Calculate the remainder when 150 is divided by 11.
7
What is the remainder when 14443 is divided by 65?
13
Calculate the remainder when 22269 is divided by 20.
9
What is the remainder when 750088 is divided by 196?
192
What is the remainder when 1084 is divided by 278?
250
Calculate the remainder when 848 is divided by 113.
57
What is the remainder when 52999 is divided by 200?
199
What is the remainder when 3105 is divided by 222?
219
What is the remainder when 6040 is divided by 23?
14
Calculate the remainder when 2244 is divided by 538.
92
Calculate the remainder when 19324 is divided by 61.
48
What is the remainder when 30864 is divided by 105?
99
What is the remainder when 442 is divided by 244?
198
What is the remainder when 13241 is divided by 3?
2
Calculate the remainder when 25239 is divided by 504.
39
Calculate the remainder when 4434 is divided by 1466.
36
Calculate the remainder when 53376 is divided by 6640.
256
What is the remainder when 21003 is divided by 20941?
62
What is the remainder when 2086 is divided by 76?
34
What is the remainder when 96512 is divided by 1692?
68
What is the remainder when 6508 is divided by 41?
30
What is the remainder when 9459 is divided by 56?
51
Calculate the remainder when 35272 is divided by 11728.
88
What is the remainder when 1037 is divided by 508?
21
What is the remainder when 47038 is divided by 98?
96
What is the remainder when 9675 is divided by 40?
35
What is the remainder when 115669 is divided by 131?
127
Calculate the remainder when 114924 is divided by 8193.
222
What is the remainder when 2830 is divided by 45?
40
Calculate the remainder when 20048 is divided by 711.
140
What is the remainder when 2490 is divided by 1223?
44
What is the remainder when 111528 is divided by 13939?
16
Calculate the remainder when 252941 is divided by 165.
161
Calculate the remainder when 400 is divided by 72.
40
Calculate the remainder when 15072 is divided by 15065.
7
What is the remainder when 14547583 is divided by 65?
63
Calculate the remainder when 1114 is divided by 383.
348
Calculate the remainder when 146623 is divided by 7717.
0
Calculate the remainder when 20296 is divided by 2534.
24
Calculate the remainder when 211301 is divided by 5282.
21
Calculate the remainder when 28131 is divided by 297.
213
Calculate the remainder when 9364 is divided by 3.
1
What is the remainder when 3717 is divided by 1854?
9
Calculate the remainder when 92121 is divided by 7086.
3
What is the remainder when 176429 is divided by 44?
33
What is the remainder when 3526 is divided by 806?
302
Calculate the remainder when 26981 is divided by 465.
11
Calculate the remainder when 426312 is divided by 812.
12
What is the remainder when 46149 is divided by 13?
12
Calculate the remainder when 26750 is divided by 557.
14
Calculate the remainder when 8242 is divided by 233.
87
What is the remainder when 4409 is divided by 70?
69
What is the remainder when 15218 is divided by 7563?
92
What is the remainder when 3064 is divided by 193?
169
What is the remainder when 96155 is divided by 1202?
1197
What is the remainder when 378707 is divided by 114?
113
What is the remainder when 82135 is divided by 118?
7
What is the remainder when 38590 is divided by 53?
6
What is the remainder when 14529 is divided by 2782?
619
What is the remainder when 146 is divided by 44?
14
What is the remainder when 76641 is divided by 1869?
12
Calculate the remainder when 847727 is divided by 46.
39
Calculate the remainder when 619260 is divided by 16.
12
What is the remainder when 12723 is divided by 1405?
78
Calculate the remainder when 20050 is divided by 1336.
10
What is the remainder when 24180 is divided by 468?
312
Calculate the remainder when 3779 is divided by 522.
125
What is the remainder when 8325 is divided by 23?
22
What is the remainder when 16436 is divided by 40?
36
Calculate the remainder when 514544 is divided by 1306.
1286
What is the remainder when 2019 is divided by 669?
12
What is the remainder when 151 is divided by 76?
75
What is the remainder when 96207 is divided by 13?
7
What is the remainder when 1922 is divided by 14?
4
Calculate the remainder when 46074 is divided by 1449.
1155
What is the remainder when 52934 is divided by 233?
43
Calculate the remainder when 208253 is divided by 31.
26
Calculate the remainder when 23076 is divided by 62.
12
What is the remainder when 657 is divided by 142?
89
What is the remainder when 15615 is divided by 104?
15
Calculate the remainder when 37276 is divided by 37.
17
What is the remainder when 6090 is divided by 1717?
939
What is the remainder when 993 is divided by 91?
83
Calculate the remainder when 14861 is divided by 3682.
133
Calculate the remainder when 2075 is divided by 128.
27
Calculate the remainder when 73774 is divided by 26.
12
Calculate the remainder when 25327 is divided by 125.
77
Calculate the remainder when 3959 is divided by 30.
29
What is the remainder when 1518 is divided by 133?
55
Calculate the remainder when 286155 is divided by 560.
555
Calculate the remainder when 878 is divided by 308.
262
What is the remainder when 2862 is divided by 300?
162
Calculate the remainder when 124 is divided by 112.
12
Calculate the remainder when 11957 is divided by 184.
181
What is the remainder when 2625 is divided by 441?
420
Calculate the remainder when 219930 is divided by 140.
130
Calculate the remainder when 1046 is divided by 319.
89
What is the remainder when 12436 is divided by 1651?
879
Calculate the remainder when 536 is divided by 70.
46
Calculate the remainder when 240911 is divided by 163.
160
What is the remainder when 23025 is divided by 9?
3
What is the remainder when 289636 is divided by 6436?
16
What is the remainder when 16571 is divided by 2366?
9
What is the remainder when 152888 is divided by 163?
157
Calculate the remainder when 76680 is divided by 25551.
27
Calculate the remainder when 72166 is divided by 1203.
1189
Calculate the remainder when 99326 is divided by 293.
292
What is the remainder when 3525 is divided by 184?
29
Calculate the remainder when 1686 is divided by 287.
251
What is the remainder when 1499 is divided by 200?
99
What is the remainder when 43397 is divided by 76?
1
Calculate the remainder when 376 is divided by 361.
15
What is the remainder when 1040 is divided by 225?
140
What is the remainder when 80512 is divided by 1059?
28
Calculate the remainder when 62522 is divided by 133.
12
Calculate the remainder when 19498 is divided by 250.
248
Calculate the remainder when 35648 is divided by 60.
8
Calculate the remainder when 193408 is divided by 193402.
6
Calculate the remainder when 21688 is divided by 262.
204
Calculate the remainder when 392068 is divided by 41.
26
What is the remainder when 5096 is divided by 1242?
128
What is the remainder when 4520 is divided by 274?
136
What is the remainder when 123894 is divided by 150?
144
Calculate the remainder when 1142 is divided by 34.
20
Calc